{"id":72,"date":"2012-09-14T10:15:46","date_gmt":"2012-09-14T08:15:46","guid":{"rendered":"http:\/\/krassen5.se\/?page_id=72"},"modified":"2026-02-27T13:53:50","modified_gmt":"2026-02-27T13:53:50","slug":"information-for-maklare","status":"publish","type":"page","link":"https:\/\/krassen5.se\/?page_id=72","title":{"rendered":"F\u00f6r m\u00e4klare"},"content":{"rendered":"<p>Kontakta\u00a0f\u00f6reningens ekonomiska f\u00f6rvaltare Mediator Fastighetskonsult vid ekonomiska fr\u00e5gor och styrelsen vid fr\u00e5gor om fastigheten, underh\u00e5llsplan m.m.<\/p>\n<h2>Medlemsans\u00f6kan<\/h2>\n<p>Skicka ans\u00f6kan om medlemskap i f\u00f6reningen direkt till <a href=\"http:\/\/www.mediator.se\/kontakt\/\" target=\"_blank\" rel=\"noopener noreferrer\">Mediator Fastighetskonsult<\/a> som har fullmakt att godk\u00e4nna medlemmar.<\/p>\n<h2>\u00d6verl\u00e5telseavtal och \u00f6vriga dokument<\/h2>\n<p>Vi anv\u00e4nder oss numer av M\u00e4klarservice f\u00f6r \u00f6verl\u00e5telser, <a href=\"https:\/\/www.sbc.se\/kontakt\/maklarservice\/\">M\u00e4klarservice \u2013 f\u00f6r m\u00e4klare i SBC-f\u00f6rening<\/p>\n<h2>Energideklaration<\/h2>\n<p><a href=\"https:\/\/krassen5.se\/wp-content\/uploads\/2026\/02\/Energideklaration-Lotmogatan-7-2023.pdf\">2023 genomf\u00f6rdes en energideklaration i fastigheten Krassen.<\/p>\n<h2>Radonm\u00e4tning<\/h2>\n<p>H\u00f6sten 2025 genomf\u00f6rdes radonm\u00e4tning.<a href=\"https:\/\/krassen5.se\/wp-content\/uploads\/2026\/02\/radonmatning-2024-7794793_1-1.pdf\"><\/p>\n<h2>OVK<\/h2>\n<p>H\u00f6sten 2021 genomf\u00f6rdes och godk\u00e4ndes OVK.<\/p>\n<h2>M\u00e4klarbild<\/h2>\n<p>Kontakta f\u00f6reningens ekonomiska f\u00f6rvaltare <a href=\"http:\/\/www.mediator.se\/kontakt\/\">Mediator Fastighetskonsult<\/a> f\u00f6r att f\u00e5 aktuell m\u00e4klarbild.<\/p>\n","protected":false},"excerpt":{"rendered":"<p>Kontakta\u00a0f\u00f6reningens ekonomiska f\u00f6rvaltare Mediator Fastighetskonsult vid ekonomiska fr\u00e5gor och styrelsen vid fr\u00e5gor om fastigheten, underh\u00e5llsplan m.m. Medlemsans\u00f6kan Skicka ans\u00f6kan om medlemskap i f\u00f6reningen direkt till Mediator Fastighetskonsult som har fullmakt att godk\u00e4nna medlemmar. \u00d6verl\u00e5telseavtal och \u00f6vriga dokument Vi anv\u00e4nder oss<\/p>\n","protected":false},"author":3,"featured_media":0,"parent":0,"menu_order":3,"comment_status":"closed","ping_status":"open","template":"","meta":{"footnotes":""},"class_list":["post-72","page","type-page","status-publish","hentry"],"_links":{"self":[{"href":"https:\/\/krassen5.se\/index.php?rest_route=\/wp\/v2\/pages\/72","targetHints":{"allow":["GET"]}}],"collection":[{"href":"https:\/\/krassen5.se\/index.php?rest_route=\/wp\/v2\/pages"}],"about":[{"href":"https:\/\/krassen5.se\/index.php?rest_route=\/wp\/v2\/types\/page"}],"author":[{"embeddable":true,"href":"https:\/\/krassen5.se\/index.php?rest_route=\/wp\/v2\/users\/3"}],"replies":[{"embeddable":true,"href":"https:\/\/krassen5.se\/index.php?rest_route=%2Fwp%2Fv2%2Fcomments&post=72"}],"version-history":[{"count":10,"href":"https:\/\/krassen5.se\/index.php?rest_route=\/wp\/v2\/pages\/72\/revisions"}],"predecessor-version":[{"id":763,"href":"https:\/\/krassen5.se\/index.php?rest_route=\/wp\/v2\/pages\/72\/revisions\/763"}],"wp:attachment":[{"href":"https:\/\/krassen5.se\/index.php?rest_route=%2Fwp%2Fv2%2Fmedia&parent=72"}],"curies":[{"name":"wp","href":"https:\/\/api.w.org\/{rel}","templated":true}]}}