{"id":60,"date":"2012-09-14T10:12:40","date_gmt":"2012-09-14T08:12:40","guid":{"rendered":"http:\/\/krassen5.se\/?page_id=60"},"modified":"2024-04-22T13:53:45","modified_gmt":"2024-04-22T13:53:45","slug":"andrahandsuthyrning","status":"publish","type":"page","link":"https:\/\/krassen5.se\/?page_id=60","title":{"rendered":"Andrahandsuthyrning"},"content":{"rendered":"<p><strong>Andrahandsuthyrning<\/strong><\/p>\n<p>\u00c4r du intresserad av att hyra ut din bostadsr\u00e4tt i andra hand b\u00f6r du l\u00e4sa reglerna som g\u00e4ller vid andrahandsuthyrning innan du l\u00e4mnar in en ans\u00f6kan till styrelsen. Tillsammans med ans\u00f6kan beh\u00f6ver vi ocks\u00e5 det p\u00e5skrivna hyreskontraktet mellan dig och din hyresg\u00e4st. Vi kommer g\u00f6ra en referenstagning f\u00f6r att s\u00e4kerst\u00e4lla att din hyresg\u00e4st \u00e4r en sk\u00f6tsam person. Ans\u00f6kan pr\u00f6vas p\u00e5 n\u00e4stkommande styrelsesammantr\u00e4de. Vi beh\u00f6ver d\u00e4rf\u00f6r din kompletta ans\u00f6kan senast 5 veckor f\u00f6re tilltr\u00e4desdagen.<\/p>\n<p><strong>Korttidsuthyrning<\/strong><\/p>\n<p>Det \u00e4r inte till\u00e5tet att hyra ut sin l\u00e4genhet i en omfattning som kan uppfattas som hotellverksamhet som till exempel Airbnb. Det \u00e4r inte heller till\u00e5tet att byta bostad med n\u00e5gon annan under en semesterperiod. Det \u00e4r i lagens mening en andrahandsuthyrning och kr\u00e4ver tillst\u00e5nd, \u00e4ven om ingen betalning utg\u00e5r.<\/p>\n<div class=\"flex_column av_one_full flex_column_div av-zero-column-padding first avia-builder-el-6 el_after_av_one_full el_before_av_one_full column-top-margin\">\n<section class=\"av_textblock_section\">\n<div class=\"avia_textblock \">\n<p><strong>Ditt ansvar<\/strong><br \/>Den som hyr din l\u00e4genhet i andra hand blir din hyresg\u00e4st och du blir hyresv\u00e4rd. Du har allts\u00e5 fortfarande ansvaret f\u00f6r l\u00e4genheten, att avgiften betalas och att hyresg\u00e4sten sk\u00f6ter sig och f\u00f6ljer Brf. Krassen5 regelverk.<\/p>\n<\/div>\n<\/section>\n<\/div>\n<div class=\"flex_column av_one_full flex_column_div av-zero-column-padding first avia-builder-el-8 el_after_av_one_full avia-builder-el-last column-top-margin\">\n<section class=\"av_textblock_section\">\n<div class=\"avia_textblock \">\n<p><strong>Det \u00e4r viktigt att k\u00e4nna till att hyrs l\u00e4genheten ut olovligen i andra hand kan detta ligga till grund f\u00f6r upps\u00e4gning av nyttjander\u00e4tten till l\u00e4genheten.<\/strong><\/p>\n<\/div>\n<\/section>\n<\/div>\n<p><a href=\"https:\/\/krassen5.se\/wp-content\/uploads\/2012\/09\/REGLER_Andrahandsuthyrning_BrfKrassen5.pdf\">Regler vid andrahandsuthyrning<\/a><\/p>\n<p><a href=\"https:\/\/krassen5.se\/wp-content\/uploads\/2024\/01\/Blankett_Ansokan_andrahandsuthyrning_BrfKrassen5.pdf.pdf\">Ans\u00f6kan om andrahandsthyrning<\/a><\/p>\n\n\n<p><\/p>\n","protected":false},"excerpt":{"rendered":"<p>Andrahandsuthyrning \u00c4r du intresserad av att hyra ut din bostadsr\u00e4tt i andra hand b\u00f6r du l\u00e4sa reglerna som g\u00e4ller vid andrahandsuthyrning innan du l\u00e4mnar in en ans\u00f6kan till styrelsen. Tillsammans med ans\u00f6kan beh\u00f6ver vi ocks\u00e5 det p\u00e5skrivna hyreskontraktet mellan dig<\/p>\n","protected":false},"author":3,"featured_media":0,"parent":106,"menu_order":9,"comment_status":"closed","ping_status":"closed","template":"","meta":{"footnotes":""},"class_list":["post-60","page","type-page","status-publish","hentry"],"_links":{"self":[{"href":"https:\/\/krassen5.se\/index.php?rest_route=\/wp\/v2\/pages\/60","targetHints":{"allow":["GET"]}}],"collection":[{"href":"https:\/\/krassen5.se\/index.php?rest_route=\/wp\/v2\/pages"}],"about":[{"href":"https:\/\/krassen5.se\/index.php?rest_route=\/wp\/v2\/types\/page"}],"author":[{"embeddable":true,"href":"https:\/\/krassen5.se\/index.php?rest_route=\/wp\/v2\/users\/3"}],"replies":[{"embeddable":true,"href":"https:\/\/krassen5.se\/index.php?rest_route=%2Fwp%2Fv2%2Fcomments&post=60"}],"version-history":[{"count":5,"href":"https:\/\/krassen5.se\/index.php?rest_route=\/wp\/v2\/pages\/60\/revisions"}],"predecessor-version":[{"id":736,"href":"https:\/\/krassen5.se\/index.php?rest_route=\/wp\/v2\/pages\/60\/revisions\/736"}],"up":[{"embeddable":true,"href":"https:\/\/krassen5.se\/index.php?rest_route=\/wp\/v2\/pages\/106"}],"wp:attachment":[{"href":"https:\/\/krassen5.se\/index.php?rest_route=%2Fwp%2Fv2%2Fmedia&parent=60"}],"curies":[{"name":"wp","href":"https:\/\/api.w.org\/{rel}","templated":true}]}}