{"id":467,"date":"2019-09-30T21:50:11","date_gmt":"2019-09-30T19:50:11","guid":{"rendered":"http:\/\/krassen5.se\/?page_id=467"},"modified":"2019-09-30T21:50:11","modified_gmt":"2019-09-30T19:50:11","slug":"funktionsvariation","status":"publish","type":"page","link":"https:\/\/krassen5.se\/?page_id=467","title":{"rendered":"Funktionsvariation"},"content":{"rendered":"<p>Vi har hj\u00e4lpmedel i trapphuset f\u00f6r de personer som lever med funktionsvariationer. V\u00e4nligen se till att dessa h\u00e5lls fria f\u00f6r tilltr\u00e4de och att vi \u00e4r r\u00e4dda om den utrustningen.<\/p>\n<p>Saknas n\u00e5got eller om du upplever\u00a0 hinder i din tillg\u00e5ng och framkomlighet i fastigheten, v\u00e4nligen kontakta styrelsen!<\/p>\n","protected":false},"excerpt":{"rendered":"<p>Vi har hj\u00e4lpmedel i trapphuset f\u00f6r de personer som lever med funktionsvariationer. V\u00e4nligen se till att dessa h\u00e5lls fria f\u00f6r tilltr\u00e4de och att vi \u00e4r r\u00e4dda om den utrustningen. Saknas n\u00e5got eller om du upplever\u00a0 hinder i din tillg\u00e5ng och<\/p>\n","protected":false},"author":3,"featured_media":0,"parent":106,"menu_order":4,"comment_status":"closed","ping_status":"closed","template":"","meta":{"footnotes":""},"class_list":["post-467","page","type-page","status-publish","hentry"],"_links":{"self":[{"href":"https:\/\/krassen5.se\/index.php?rest_route=\/wp\/v2\/pages\/467","targetHints":{"allow":["GET"]}}],"collection":[{"href":"https:\/\/krassen5.se\/index.php?rest_route=\/wp\/v2\/pages"}],"about":[{"href":"https:\/\/krassen5.se\/index.php?rest_route=\/wp\/v2\/types\/page"}],"author":[{"embeddable":true,"href":"https:\/\/krassen5.se\/index.php?rest_route=\/wp\/v2\/users\/3"}],"replies":[{"embeddable":true,"href":"https:\/\/krassen5.se\/index.php?rest_route=%2Fwp%2Fv2%2Fcomments&post=467"}],"version-history":[{"count":0,"href":"https:\/\/krassen5.se\/index.php?rest_route=\/wp\/v2\/pages\/467\/revisions"}],"up":[{"embeddable":true,"href":"https:\/\/krassen5.se\/index.php?rest_route=\/wp\/v2\/pages\/106"}],"wp:attachment":[{"href":"https:\/\/krassen5.se\/index.php?rest_route=%2Fwp%2Fv2%2Fmedia&parent=467"}],"curies":[{"name":"wp","href":"https:\/\/api.w.org\/{rel}","templated":true}]}}